{"id":1280,"date":"2026-01-28T13:32:32","date_gmt":"2026-01-28T13:32:32","guid":{"rendered":"https:\/\/www.helemik.cz\/?page_id=1280"},"modified":"2026-02-02T09:19:44","modified_gmt":"2026-02-02T09:19:44","slug":"odkazy-pro-vzdaleneho-pomocnika","status":"publish","type":"page","link":"https:\/\/www.helemik.cz\/?page_id=1280","title":{"rendered":"Odkazy pro vzd\u00e1len\u00e9ho pomocn\u00edka"},"content":{"rendered":"\n<div class=\"wp-block-buttons is-layout-flex wp-block-buttons-is-layout-flex\">\n<div class=\"wp-block-button\"><a class=\"wp-block-button__link wp-element-button\" href=\"https:\/\/www.helemik.cz\/in\/helemik_pomoc.exe\">Pomocn\u00edk v EXE form\u00e1tu<\/a><\/div>\n\n\n\n<div class=\"wp-block-button\"><a class=\"wp-block-button__link wp-element-button\" href=\"https:\/\/www.helemik.cz\/in\/helemik_pomoc.msi\">Pomocn\u00edk v MSI form\u00e1tu<\/a><\/div>\n<\/div>\n\n\n\n<p> <\/p>\n\n\n\n<p>Pomocn\u00edci, pokud od n\u00e1s budete pot\u0159ebovat vzd\u00e1lenou pomoc na Va\u0161em po\u010d\u00edta\u010di.<\/p>\n\n\n\n<p><\/p>\n","protected":false},"excerpt":{"rendered":"<p>Pomocn\u00edci, pokud od n\u00e1s budete pot\u0159ebovat vzd\u00e1lenou pomoc na Va\u0161em po\u010d\u00edta\u010di.<\/p>\n","protected":false},"author":1,"featured_media":0,"parent":0,"menu_order":0,"comment_status":"closed","ping_status":"closed","template":"","meta":{"ngg_post_thumbnail":0,"footnotes":""},"class_list":["post-1280","page","type-page","status-publish","hentry"],"_links":{"self":[{"href":"https:\/\/www.helemik.cz\/index.php?rest_route=\/wp\/v2\/pages\/1280","targetHints":{"allow":["GET"]}}],"collection":[{"href":"https:\/\/www.helemik.cz\/index.php?rest_route=\/wp\/v2\/pages"}],"about":[{"href":"https:\/\/www.helemik.cz\/index.php?rest_route=\/wp\/v2\/types\/page"}],"author":[{"embeddable":true,"href":"https:\/\/www.helemik.cz\/index.php?rest_route=\/wp\/v2\/users\/1"}],"replies":[{"embeddable":true,"href":"https:\/\/www.helemik.cz\/index.php?rest_route=%2Fwp%2Fv2%2Fcomments&post=1280"}],"version-history":[{"count":8,"href":"https:\/\/www.helemik.cz\/index.php?rest_route=\/wp\/v2\/pages\/1280\/revisions"}],"predecessor-version":[{"id":1291,"href":"https:\/\/www.helemik.cz\/index.php?rest_route=\/wp\/v2\/pages\/1280\/revisions\/1291"}],"wp:attachment":[{"href":"https:\/\/www.helemik.cz\/index.php?rest_route=%2Fwp%2Fv2%2Fmedia&parent=1280"}],"curies":[{"name":"wp","href":"https:\/\/api.w.org\/{rel}","templated":true}]}}